 of t and g.
14
Suppose 4*d + 0 = 8. Suppose d*w - 16 = 122. Let z be (175/20 + -3)/((-1)/(-4)). Calculate the highest common factor of z and w.
23
Suppose 5*a = 5*b + 40, -5*a - 5*b + 27 + 33 = 0. Suppose 0*n + n - 4*h - 1 = 0, -2*n + 4*h + a = 0. What is the highest common factor of 99 and n?
9
Let s = -8 + 14. Suppose -4*h = l - 39, h + l - s = -0*h. What is the greatest common factor of h and 33?
11
Let v = 13 + -4. Let u = v + 9. Calculate the highest common divisor of u and 27.
9
Suppose -5*z = 5*c - z + 78, -46 = 3*c + 2*z. Let u = -10 - c. What is the highest common factor of 16 and u?
4
Suppose -70 = -3*n + 14. What is the highest common divisor of n and 224?
28
Let i(z) = z**2 + 2*z. Let k be i(-2). Let v be 16/4 - (k - 1). Suppose 13 - 108 = -v*u. Calculate the greatest common factor of u and 133.
19
Let b = -33 + 114. Let x be 8 + 2/(4 - 2). Calculate the highest common factor of x and b.
9
Suppose 4*k - 16 - 195 = s, -3*k + 3*s = -165. Let q be (-6)/((-6)/4 + 0). Suppose 0 = -5*t + q*t + 13. Calculate the greatest common factor of t and k.
13
Let g be 19 + 2 + 0 + 1. Suppose 2*v = -126 + 434. Calculate the highest common factor of v and g.
22
Let d = 40 + -39. What is the highest common factor of 11 and d?
1
Suppose 0 = n - 3*k + 6, 2 = -3*n + 5*k - 0. Suppose -n*d + d = -320. Calculate the greatest common factor of d and 8.
8
Let a(i) = -10*i**3 - 2*i**2 - 2*i + 1. Let y be a(-2). Calculate the greatest common factor of 7 and y.
7
Let s = 4 - 3. Let b = 21 - s. Suppose 5*r - b = r. What is the greatest common divisor of 40 and r?
5
Let g be 4 + 1 + -2 + 0. Let q(j) = -j**3 + j**2 + j - 5. Let k be q(0). Let r = g - k. Calculate the greatest common factor of 16 and r.
8
Let n = 60 + -12. What is the highest common divisor of n and 48?
48
Let o = -16 + 31. Let r be -1 + 2/(-6)*-33. What is the highest common divisor of r and o?
5
Let t be (-3 - 36/(-8))*2. Suppose 0*f + t*f + 32 = 4*m, -4*m = f - 48. What is the greatest common divisor of 77 and m?
11
Let p(g) = -2*g - 6. Let a be p(-5). Suppose d = 3*y - 7, 4*d + a = -0. Calculate the greatest common divisor of 14 and y.
2
Let v be -18*(4 - 3)/(-2). What is the greatest common factor of 45 and v?
9
Suppose -102 = -7*q + 3. What is the greatest common factor of 135 and q?
15
Let a = 18 - -1. Calculate the greatest common factor of a and 19.
19
Let x be (-6 - -8)*9*1. Suppose 15 - 162 = -h. Let c = h - 21. Calculate the highest common factor of x and c.
18
Let f(h) = -2*h**3 + 2*h**3 + h + 105 - h**3. Let s be f(0). Suppose 3*o - 4*x - s = -5*x, 0 = x. What is the highest common divisor of o and 7?
7
Suppose 0*n + 4*n + 3*k = 25, -5*n + 35 = 3*k. What is the highest common factor of 50 and n?
10
Let i(r) = -r**3 - 8*r**2 - 4. Let u be i(-8). Let m = u + 13. Suppose -3*c = -4*f + 7*f - 234, 4*c + 12 = 0. Calculate the highest common factor of f and m.
9
Let j(y) = 4*y**2 - y - 1. Let a be j(2). Let d(r) = 2*r**2 + 13*r - 46. Let z be d(7). Calculate the greatest common factor of z and a.
13
Let t(q) = 5*q**2 + 4*q**2 + 5 + q**3 + q - 2*q**2. Let m be t(-7). Let v be (-42)/(-4) - 1/m. Calculate the highest common factor of v and 121.
11
Let d be -66*((-15)/(-9) - 3). Calculate the highest common divisor of d and 22.
22
Suppose 6*a = 3*a. Suppose 0 = r - a*r - 20. Calculate the greatest common factor of r and 100.
20
Let j be ((-57)/(-4))/(1/4). Suppose -7*f = -3*f - 12. Suppose 77 = -f*n + 191. What is the greatest common factor of n and j?
19
Let i(k) = -3*k**2 - k - 1. Let v be i(-1). Let x = v + 20. Let y = 6 + x. What is the highest common factor of 184 and y?
23
Let t be ((-156)/(-48))/(2/8). Let v be 78/4*(-16)/(-6). Calculate the highest common factor of v and t.
13
Suppose 0 = -2*h + 7*h + 10, -2*l + 56 = -5*h. What is the greatest common factor of l and 69?
23
Suppose -4*n = -b + 6, 5*b + 5*n + 24 - 4 = 0. Let a = b - -14. What is the greatest common factor of 84 and a?
12
Let v = 3 - 2. Let f be (v - 5)*(-4)/1. Calculate the greatest common factor of f and 40.
8
Let l be -3 + 1 + -112 + -3. Let k be l*1/(2 - 3). What is the greatest common divisor of k and 13?
13
Suppose -h - 6 + 13 = 0. Let i = h + 9. What is the highest common divisor of i and 48?
16
Let o(i) = -11*i - 30. Let p be o(-11). What is the highest common factor of 13 and p?
13
Suppose 2*v - 8 = -2*v. Suppose -4*k + v*i - 52 = 0, 2*k = -k + i - 39. Let a = 24 + k. What is the highest common factor of a and 1?
1
Suppose 0 = -3*c - c + 2*r + 442, -3*c + 3*r = -327. What is the highest common divisor of 28 and c?
28
Let z(s) = s**2 - 2. Let l be z(-3). Calculate the greatest common divisor of l and 42.
7
Let a be (-7)/((-21)/(-30)) + 0. Let q be (-2*a/4)/1. Suppose 133 = 5*g + c, 2*c - 1 = q. Calculate the greatest common factor of 65 and g.
13
Let t = -4 + 10. Calculate the greatest common divisor of t and 3.
3
Let w be 276/21 - (-1)/(-7). Let t(h) = -h**2 + 3*h - 8. Let f be t(6). Let l be -5*f*(-1)/(-5). Calculate the highest common divisor of l and w.
13
Let z = 14 + -1. Suppose 3*k - 8 + 2 = 0. Suppose 3*o + k*o = 520. What is the highest common factor of z and o?
13
Suppose -a = 3*n - n - 29, 5*n + 3*a = 73. Calculate the highest common divisor of n and 126.
14
Let s(i) = -4*i + 4. Let n be s(-4). Let l = n - 13. Let f(a) = 2*a - 10. Let w be f(l). What is the greatest common factor of 36 and w?
4
Suppose 3*f - 8*f = -4*a - 98, -3*f + 2*a + 60 = 0. What is the highest common factor of f and 55?
11
Let k(f) = 7*f - 3. Let s be k(4). Calculate the highest common factor of s and 225.
25
Let m = 229 + -149. Calculate the highest common factor of 10 and m.
10
Let n = -192 - -324. What is the greatest common factor of 12 and n?
12
Suppose -1 + 56 = 11*x. Calculate the greatest common factor of x and 55.
5
Suppose -z - 4*x = -8, -3*x + 8*x + 16 = 2*z. Calculate the greatest common factor of z and 8.
8
Let q(y) = 5*y**2 - 2. Let k be q(-2). Let o be (-207 - 5)*6/4. Let v = o - -480. What is the highest common factor of k and v?
18
Let h = -10 + 54. Let w be 63/5 + (-2)/(-5). Suppose -t + 4 = g - 6, -2*t = -g + w. What is the greatest common factor of h and g?
11
Suppose -2*x + o = -8 - 64, 0 = 3*x + 4*o - 86. Calculate the greatest common factor of x and 306.
34
Let d = 21 - 13. Let c = -5 + d. What is the highest common divisor of c and 12?
3
Let o be (-101)/(-11) + 8/(-44). Calculate the highest common factor of o and 1.
1
Suppose -3*x = -4*t + 157 - 37, x = 0. What is the greatest common factor of 3 and t?
3
Let q(p) = -65*p - 9. Let a be q(-6). Let x = a - 255. What is the highest common factor of 14 and x?
14
Let y(d) = d**3 + 6*d**2 + 4*d - 2. Let f be y(-5). Suppose 5*o - 12 = -4*n, -4*n + 0*o + 12 = -2*o. Calculate the highest common factor of n and f.
3
Let m(f) = -f**2 - f + 3. Suppose -2*w = -w. Let d be m(w). What is the greatest common divisor of 3 and d?
3
Let o = 13 - -6. What is the greatest common divisor of o and 171?
19
Let v(l) = l**3 + 16*l**2 + 15*l + 10. Let y be v(-15). What is the highest common factor of 70 and y?
10
Let y(n) = -5*n. Let x = 5 - 7. Let j be y(x). Calculate the highest common factor of j and 10.
10
Let z be 7*-1 + (7 - 6). Let r = -6 - z. Suppose 3*l - 10 - 11 = r. What is the greatest common divisor of l and 56?
7
Let v(r) = r + 6. Let b be v(20). What is the highest common divisor of b and 39?
13
Let c = -16 - -54. Let g(s) = -25*s**2 - s - 2. Let j be g(-1). Let u = j + c. Calculate the greatest common divisor of u and 4.
4
Suppose 22 - 57 = -q. What is the highest common factor of q and 14?
7
Let y = 132 - -63. Let t = -106 + y. Suppose x - 9 - t = 0. What is the greatest common divisor of x and 14?
14
Let x be (8/(-10))/(3/(-45)). Calculate the highest common factor of 132 and x.
12
Suppose 5 = -5*i + 85. Let a(m) = 2*m**2 - 3*m - 8. Let q(g) = -g**2 + 8*g + 12. Let y be q(10). Let z be a(y). Calculate the highest common divisor of z and i.
16
Suppose -5*m + 18 = 8. Calculate the greatest common divisor of 18 and m.
2
Let i be ((-18)/(-10))/(3/60*6). What is the greatest common divisor of i and 18?
6
Let y = 96 + -88. Suppose g = -g + 24. What is the greatest common divisor of g and y?
4
Let h(s) = -s**2 + 7*s - 3. Let b be h(6). What is the highest common divisor o